Convert -2641 (base 11) to base 9.
-4634
What is 32263 (base 7) in base 12?
4794
What is -6240 (base 7) in base 8?
-4210
2171 (base 16) to base 2
10000101110001
Convert -362c (base 16) to base 13.
-640a
-3012 (base 4) to base 3
-21100
What is 4357 (base 14) in base 15?
36b1
What is 646 (base 12) in base 4?
32112
What is -13572 (base 8) in base 13?
-2974
What is 744 (base 8) in base 10?
484
3789 (base 11) to base 3
20202212
-305 (base 8) to base 6
-525
What is 23533 (base 9) in base 8?
36600
Convert -210102202 (base 3) to base 2.
-11110100001010
Convert 5716 (base 11) to base 6.
54451
Convert -2330003 (base 4) to base 11.
-9051
-1022220 (base 3) to base 7
-2553
What is 212120 (base 3) in base 7?
1566
What is -107766 (base 9) in base 5?
-4033104
Convert a476 (base 13) to base 6.
253143
30468 (base 10) to base 7
154554
Convert 43222 (base 5) to base 6.
21333
1138 (base 11) to base 5
21433
-1805 (base 9) to base 4
-111212
What is 2619 (base 12) in base 14?
1821
Convert -1011122110 (base 3) to base 14.
-859c
Convert 3a90 (base 12) to base 16.
1a4c
What is -2111 (base 5) in base 7?
-551
Convert -147 (base 12) to base 14.
-103
-5b9 (base 13) to base 14
-513
Convert 4431 (base 5) to base 11.
510
What is -b93 (base 12) in base 15?
-780
34031 (base 5) to base 9
3246
Convert -232 (base 13) to base 8.
-573
What is -73a9 (base 14) in base 5?
-1114240
2041 (base 10) to base 3
2210121
Convert 304414 (base 5) to base 14.
38d2
24969 (base 10) to base 11
1783a
443 (base 8) to base 9
353
What is -102220012 (base 3) in base 6?
-104052
3404 (base 5) to base 12
33b
Convert -22a (base 15) to base 16.
-1ea
Convert -11023 (base 5) to base 7.
-2140
What is 12401 (base 7) in base 16?
cd4
-802a (base 11) to base 14
-3c6c
Convert -1177 (base 8) to base 15.
-2c9
2370 (base 13) to base 2
1001110000000
What is -291c (base 14) in base 9?
-10876
Convert -201120222 (base 3) to base 16.
-37ca
-1219 (base 15) to base 14
-158d
What is 23222 (base 5) in base 15?
777
What is 7748 (base 10) in base 6?
55512
497 (base 16) to base 2
10010010111
Convert -2beb (base 16) to base 3.
-120102102
What is 2113 (base 4) in base 7?
304
What is -17 (base 11) in base 12?
-16
Convert -1011000202 (base 3) to base 4.
-11201123
Convert -23302 (base 4) to base 8.
-1362
-1442 (base 10) to base 15
-662
What is 11743 (base 9) in base 6?
100320
Convert 1757 (base 8) to base 14.
51d
Convert -212122 (base 3) to base 10.
-638
3ea (base 16) to base 15
46c
What is 100101101101011 (base 2) in base 15?
5ac2
What is 112254 (base 7) in base 12?
b713
-47162 (base 8) to base 16
-4e72
What is -2cb (base 15) in base 7?
-1604
7275 (base 8) to base 4
322331
Convert 11 (base 4) to base 3.
12
Convert -549 (base 11) to base 3.
-220101
Convert -404551 (base 6) to base 8.
-76663
7430 (base 12) to base 6
134500
656a (base 12) to base 4
2232202
Convert 17414 (base 12) to base 5.
2032144
What is -7d58 (base 15) in base 2?
-110100000001001
-1245 (base 8) to base 9
-832
Convert -45372 (base 10) to base 6.
-550020
Convert 231433 (base 6) to base 12.
b579
-2342 (base 6) to base 5
-4231
Convert -131 (base 5) to base 7.
-56
Convert -1371 (base 8) to base 14.
-3c5
-5224 (base 11) to base 8
-15413
What is -13051 (base 7) in base 11?
-2671
What is -433b (base 12) in base 14?
-299d
What is 1112202111 (base 3) in base 5?
1433232
What is -17762 (base 11) in base 16?
-6129
What is -1552 (base 8) in base 4?
-31222
What is -142521 (base 6) in base 16?
-3511
969 (base 15) to base 8
4114
-7482 (base 9) to base 12
-3225
2221 (base 10) to base 3
10001021
What is 10101 (base 6) in base 9?
1741
Convert -11120101 (base 3) to base 15.
-ec1
-12021 (base 4) to base 2
-110001001
What is 100111011111 (base 2) in base 7?
10240
93a (base 14) to base 8
3430
-24524 (base 7) to base 8
-14445
What is -33b (base 12) in base 11?
-3a6
What is -10618 (base 11) in base 16?
-3c1a
Convert -6850 (base 14) to base 8.
-43266
What is 2225 (base 8) in base 9?
1543
Convert -20740 (base 8) to base 3.
-102220012
-531 (base 16) to base 3
-1211020
What is 504 (base 10) in base 4?
13320
What is 1c6a (base 15) in base 7?
24001
-563 (base 7) to base 4
-10202
Convert -199 (base 13) to base 5.
-2140
-17382 (base 9) to base 4
-2323031
What is 310245 (base 6) in base 11?
17638
What is -1798 (base 11) in base 6?
-14325
What is -9c0 (base 15) in base 5?
-32310
What is 11200101 (base 3) in base 15?
1027
What is -533 (base 7) in base 11?
-225
-10834 (base 10) to base 15
-3324
Convert -1002022002 (base 3) to base 9.
-32262
-275 (base 10) to base 5
-2100
-a18 (base 12) to base 15
-675
300213 (base 4) to base 14
11c3
Convert -2ba (base 12) to base 9.
-527
3406 (base 8) to base 9
2417
Convert -16816 (base 9) to base 16.
-2d4e
-106c (base 13) to base 5
-33122
Convert -2324 (base 7) to base 10.
-851
122101 (base 3) to base 7
1240
What is -16a6 (base 11) in base 12?
-1311
What is -1157 (base 16) in base 11?
-3376
-268 (base 9) to base 16
-e0
-100001111 (base 2) to base 7
-535
555a (base 11) to base 5
213300
Convert 21234 (base 6) to base 5.
43102
-1383 (base 10) to base 8
-2547
-2402 (base 5) to base 11
-2a0
What is 3312 (base 6) in base 3?
1001022
1db (base 14) to base 8
605
Convert 288 (base 13) to base 12.
316
Convert -100100 (base 4) to base 7.
-3014
3663 (base 12) to base 11
4667
22112010 (base 3) to base 4
1201011
Convert -10c4 (base 14) to base 5.
-43131
What is 1422310 (base 6) in base 5?
10042043
What is a5b6 (base 14) in base 2?
110111110100100
100100000 (base 2) to base 14
168
26451 (base 7) to base 12
4130
-130 (base 5) to base 14
-2c
What is 1574 (base 16) in base 6?
41232
Convert -681 (base 12) to base 6.
-4241
Convert -881f (base 16) to base 4.
-20200133
Convert -170667 (base 8) to base 10.
-61879
Convert 202201 (base 3) to base 6.
2331
Convert -343011 (base 6) to base 16.
-71ef
32331 (base 5) to base 15
9cb
Convert -1221321 (base 4) to base 8.
-15171
Convert -1001111010 (base 2) to base 7.
-1564
What is a45 (base 11) in base 3?
1201122
Convert -18b (base 12) to base 5.
-2001
Convert -31021 (base 6) to base 9.
-5574
12373 (base 10) to base 2
11000001010101
Convert 42001 (base 5) to base 2.
101010111111
What is -10000210 (base 4) in base 10?
-16420
What is -3669 (base 14) in base 3?
-111000220
13003233 (base 4) to base 3
1110122210
What is -2f9 (base 16) in base 8?
-1371
What is -122401 (base 6) in base 12?
-6401
-8a6 (base 14) to base 16
-6b2
Convert 2241 (base 9) to base 12.
b61
Convert -16862 (base 10) to base 12.
-9912
2264 (base 11) to base 10
2974
-8a7 (base 13) to base 5
-21424
12342 (base 8) to base 13
2583
Convert 2344 (base 12) to base 15.
127a
Convert 72005 (base 8) to base 11.
20351
What is -1f2 (base 16) in base 6?
-2150
22021012 (base 3) to base 11
4589
Convert -1167 (base 10) to base 13.
-6ba
2cd (base 15) to base 2
1010000011
What is -10101 (base 2) in base 12?
-19
5156 (base 8) to base 5
41140
43b (base 13) to base 7
2055
Convert -6453 (base 7) to base 8.
-4364
Convert 372 (base 12) to base 8.
1006
Convert 1707 (base 8) to base 10.
967
Convert 4803 (base 14) to base 16.
3103
What is 629 (base 14) in base 7?
3352
Convert -cca2 (base 13) to base 12.
-14610
What is 103233131 (base 4) in base 6?
1422205
Convert -124 (base 12) to base 9.
-211
Convert 20227 (base 13) to base 11.
3a217
Convert 2597 (base 15) to base 3.
101222221
What is 30016 (base 9) in base 11?
13888
Convert 2ca (base 16) to base 13.
42c
-20121212 (base 3) to base 4
-1023131
-357 (base 15) to base 7
-2131
-131422 (base 5) to base 3
-21011222
What is -1134 (base 8) in base 15?
-2a4
Convert 2021003 (base 4) to base 14.
32a7
Convert -155365 (base 7) to base 4.
-13200001
What is -60b (base 12) in base 15?
-3d5
Convert -303 (base 8) to base 4.
-3003
-151764 (base 8) to base 6
-1055112
What is a339 (base 15) in base 4?
20122233
102021 (base 3) to base 6
1224
What is 2232321 (base 4) in base 9?
16316
-111010000001 (base 2) to base 5
-104323
What is -2421 (base 8) in base 5?
-20142
Convert -10100 (base 3) to base 6.
-230
27 (base 14) to base 6
55
Convert -3aa9 (base 11) to base 15.
-189c
What is 12130103 (base 4) in base 8?
63423
Convert -1310110 (base 4) to base 14.
-29da
281 (base 15) to base 5
4241
Convert 433340 (base 6) to base 13.
13389
-2031 (base 6) to base 13
-289
What is 50365 (base 9) in base 7?